{"id":14327,"date":"2018-07-01T09:45:13","date_gmt":"2018-07-01T07:45:13","guid":{"rendered":"https:\/\/www.motoblouz.com\/enjoytheride\/wp-content\/uploads\/2018\/06\/Segura-Kurt-poche-interieure-et-\u00e9tiquettes.jpg"},"modified":"2018-07-03T15:34:54","modified_gmt":"2018-07-03T13:34:54","slug":"segura-kurt-poche-interieure-et-etiquettes","status":"inherit","type":"attachment","link":"https:\/\/www.motoblouz.com\/enjoytheride\/blousons-vestes-moto\/14320-test-blouson-segura-kurt-ra-di-cal-2018-07-05\/attachment\/segura-kurt-poche-interieure-et-etiquettes","title":{"rendered":"Poche int\u00e9rieure et \u00e9tiquettes r\u00e9glementaires sur le blouson Segura Kurt"},"author":1085,"comment_status":"open","ping_status":"closed","template":"","meta":{"inline_featured_image":false},"amp_enabled":true,"description":{"rendered":"<p class=\"attachment\"><a href='https:\/\/www.motoblouz.com\/enjoytheride\/wp-content\/uploads\/2018\/06\/poche-interieure-et-etiquettes-reglementaires-sur-le-blouson-segura-kurt-e1530787741905.jpg' title=\"\" data-rl_title=\"\" class=\"rl-gallery-link\" data-rl_caption=\"\" data-rel=\"lightbox-gallery-0\"><img loading=\"lazy\" decoding=\"async\" width=\"690\" height=\"980\" src=\"data:image\/gif;base64,R0lGODdhAQABAPAAAP\/\/\/wAAACwAAAAAAQABAEACAkQBADs=\" data-lazy-src=\"https:\/\/www.motoblouz.com\/enjoytheride\/wp-content\/uploads\/2018\/06\/poche-interieure-et-etiquettes-reglementaires-sur-le-blouson-segura-kurt-690x980.jpg\" class=\"attachment-medium size-medium\" alt=\"Int\u00e9rieur du blouson Segura Kurt\" data-lazy-srcset=\"https:\/\/www.motoblouz.com\/enjoytheride\/wp-content\/uploads\/2018\/06\/poche-interieure-et-etiquettes-reglementaires-sur-le-blouson-segura-kurt-690x980.jpg 690w, https:\/\/www.motoblouz.com\/enjoytheride\/wp-content\/uploads\/2018\/06\/poche-interieure-et-etiquettes-reglementaires-sur-le-blouson-segura-kurt-768x1091.jpg 768w, https:\/\/www.motoblouz.com\/enjoytheride\/wp-content\/uploads\/2018\/06\/poche-interieure-et-etiquettes-reglementaires-sur-le-blouson-segura-kurt-721x1024.jpg 721w, https:\/\/www.motoblouz.com\/enjoytheride\/wp-content\/uploads\/2018\/06\/poche-interieure-et-etiquettes-reglementaires-sur-le-blouson-segura-kurt-e1530787741905.jpg 2000w\" data-lazy-sizes=\"(max-width: 690px) 100vw, 690px\" \/><noscript><img loading=\"lazy\" decoding=\"async\" width=\"690\" height=\"980\" src=\"https:\/\/www.motoblouz.com\/enjoytheride\/wp-content\/uploads\/2018\/06\/poche-interieure-et-etiquettes-reglementaires-sur-le-blouson-segura-kurt-690x980.jpg\" class=\"attachment-medium size-medium\" alt=\"Int\u00e9rieur du blouson Segura Kurt\" srcset=\"https:\/\/www.motoblouz.com\/enjoytheride\/wp-content\/uploads\/2018\/06\/poche-interieure-et-etiquettes-reglementaires-sur-le-blouson-segura-kurt-690x980.jpg 690w, https:\/\/www.motoblouz.com\/enjoytheride\/wp-content\/uploads\/2018\/06\/poche-interieure-et-etiquettes-reglementaires-sur-le-blouson-segura-kurt-768x1091.jpg 768w, https:\/\/www.motoblouz.com\/enjoytheride\/wp-content\/uploads\/2018\/06\/poche-interieure-et-etiquettes-reglementaires-sur-le-blouson-segura-kurt-721x1024.jpg 721w, https:\/\/www.motoblouz.com\/enjoytheride\/wp-content\/uploads\/2018\/06\/poche-interieure-et-etiquettes-reglementaires-sur-le-blouson-segura-kurt-e1530787741905.jpg 2000w\" sizes=\"(max-width: 690px) 100vw, 690px\" \/><\/noscript><\/a><\/p>\n<p>Poche int\u00e9rieure et \u00e9tiquettes r\u00e9glementaires sur le blouson Segura Kurt <\/p>\n"},"caption":{"rendered":"<p>Poche int\u00e9rieure et \u00e9tiquettes r\u00e9glementaires sur le blouson Segura Kurt <\/p>\n"},"alt_text":"Int\u00e9rieur du blouson Segura Kurt","media_type":"image","mime_type":"image\/jpeg","media_details":{"width":2000,"height":2840,"file":"2018\/06\/poche-interieure-et-etiquettes-reglementaires-sur-le-blouson-segura-kurt-e1530787741905.jpg","sizes":{"thumbnail":{"file":"poche-interieure-et-etiquettes-reglementaires-sur-le-blouson-segura-kurt-150x150.jpg","width":150,"height":150,"mime_type":"image\/jpeg","source_url":"https:\/\/www.motoblouz.com\/enjoytheride\/wp-content\/uploads\/2018\/06\/poche-interieure-et-etiquettes-reglementaires-sur-le-blouson-segura-kurt-150x150.jpg"},"medium":{"file":"poche-interieure-et-etiquettes-reglementaires-sur-le-blouson-segura-kurt-690x980.jpg","width":690,"height":980,"mime_type":"image\/jpeg","source_url":"https:\/\/www.motoblouz.com\/enjoytheride\/wp-content\/uploads\/2018\/06\/poche-interieure-et-etiquettes-reglementaires-sur-le-blouson-segura-kurt-690x980.jpg"},"medium_large":{"file":"poche-interieure-et-etiquettes-reglementaires-sur-le-blouson-segura-kurt-768x1091.jpg","width":768,"height":1091,"mime_type":"image\/jpeg","source_url":"https:\/\/www.motoblouz.com\/enjoytheride\/wp-content\/uploads\/2018\/06\/poche-interieure-et-etiquettes-reglementaires-sur-le-blouson-segura-kurt-768x1091.jpg"},"large":{"file":"poche-interieure-et-etiquettes-reglementaires-sur-le-blouson-segura-kurt-721x1024.jpg","width":721,"height":1024,"mime_type":"image\/jpeg","source_url":"https:\/\/www.motoblouz.com\/enjoytheride\/wp-content\/uploads\/2018\/06\/poche-interieure-et-etiquettes-reglementaires-sur-le-blouson-segura-kurt-721x1024.jpg"},"bk239_130":{"file":"poche-interieure-et-etiquettes-reglementaires-sur-le-blouson-segura-kurt-239x130.jpg","width":239,"height":130,"mime_type":"image\/jpeg","source_url":"https:\/\/www.motoblouz.com\/enjoytheride\/wp-content\/uploads\/2018\/06\/poche-interieure-et-etiquettes-reglementaires-sur-le-blouson-segura-kurt-239x130.jpg"},"bk75_75":{"file":"poche-interieure-et-etiquettes-reglementaires-sur-le-blouson-segura-kurt-75x75.jpg","width":75,"height":75,"mime_type":"image\/jpeg","source_url":"https:\/\/www.motoblouz.com\/enjoytheride\/wp-content\/uploads\/2018\/06\/poche-interieure-et-etiquettes-reglementaires-sur-le-blouson-segura-kurt-75x75.jpg"},"bk100_100":{"file":"poche-interieure-et-etiquettes-reglementaires-sur-le-blouson-segura-kurt-100x100.jpg","width":100,"height":100,"mime_type":"image\/jpeg","source_url":"https:\/\/www.motoblouz.com\/enjoytheride\/wp-content\/uploads\/2018\/06\/poche-interieure-et-etiquettes-reglementaires-sur-le-blouson-segura-kurt-100x100.jpg"},"bk330_220":{"file":"poche-interieure-et-etiquettes-reglementaires-sur-le-blouson-segura-kurt-330x220.jpg","width":330,"height":220,"mime_type":"image\/jpeg","source_url":"https:\/\/www.motoblouz.com\/enjoytheride\/wp-content\/uploads\/2018\/06\/poche-interieure-et-etiquettes-reglementaires-sur-le-blouson-segura-kurt-330x220.jpg"},"bk530_416":{"file":"poche-interieure-et-etiquettes-reglementaires-sur-le-blouson-segura-kurt-530x416.jpg","width":530,"height":416,"mime_type":"image\/jpeg","source_url":"https:\/\/www.motoblouz.com\/enjoytheride\/wp-content\/uploads\/2018\/06\/poche-interieure-et-etiquettes-reglementaires-sur-le-blouson-segura-kurt-530x416.jpg"},"bk270_210":{"file":"poche-interieure-et-etiquettes-reglementaires-sur-le-blouson-segura-kurt-270x210.jpg","width":270,"height":210,"mime_type":"image\/jpeg","source_url":"https:\/\/www.motoblouz.com\/enjoytheride\/wp-content\/uploads\/2018\/06\/poche-interieure-et-etiquettes-reglementaires-sur-le-blouson-segura-kurt-270x210.jpg"},"bk262_400":{"file":"poche-interieure-et-etiquettes-reglementaires-sur-le-blouson-segura-kurt-262x400.jpg","width":262,"height":400,"mime_type":"image\/jpeg","source_url":"https:\/\/www.motoblouz.com\/enjoytheride\/wp-content\/uploads\/2018\/06\/poche-interieure-et-etiquettes-reglementaires-sur-le-blouson-segura-kurt-262x400.jpg"},"bk1050_600":{"file":"poche-interieure-et-etiquettes-reglementaires-sur-le-blouson-segura-kurt-1050x600.jpg","width":1050,"height":600,"mime_type":"image\/jpeg","source_url":"https:\/\/www.motoblouz.com\/enjoytheride\/wp-content\/uploads\/2018\/06\/poche-interieure-et-etiquettes-reglementaires-sur-le-blouson-segura-kurt-1050x600.jpg"},"bk205_300":{"file":"poche-interieure-et-etiquettes-reglementaires-sur-le-blouson-segura-kurt-205x300.jpg","width":205,"height":300,"mime_type":"image\/jpeg","source_url":"https:\/\/www.motoblouz.com\/enjoytheride\/wp-content\/uploads\/2018\/06\/poche-interieure-et-etiquettes-reglementaires-sur-le-blouson-segura-kurt-205x300.jpg"},"bk690_395":{"file":"poche-interieure-et-etiquettes-reglementaires-sur-le-blouson-segura-kurt-690x395.jpg","width":690,"height":395,"mime_type":"image\/jpeg","source_url":"https:\/\/www.motoblouz.com\/enjoytheride\/wp-content\/uploads\/2018\/06\/poche-interieure-et-etiquettes-reglementaires-sur-le-blouson-segura-kurt-690x395.jpg"},"bk262_262":{"file":"poche-interieure-et-etiquettes-reglementaires-sur-le-blouson-segura-kurt-262x262.jpg","width":262,"height":262,"mime_type":"image\/jpeg","source_url":"https:\/\/www.motoblouz.com\/enjoytheride\/wp-content\/uploads\/2018\/06\/poche-interieure-et-etiquettes-reglementaires-sur-le-blouson-segura-kurt-262x262.jpg"},"bk559_280":{"file":"poche-interieure-et-etiquettes-reglementaires-sur-le-blouson-segura-kurt-559x280.jpg","width":559,"height":280,"mime_type":"image\/jpeg","source_url":"https:\/\/www.motoblouz.com\/enjoytheride\/wp-content\/uploads\/2018\/06\/poche-interieure-et-etiquettes-reglementaires-sur-le-blouson-segura-kurt-559x280.jpg"},"sow-carousel-default":{"file":"poche-interieure-et-etiquettes-reglementaires-sur-le-blouson-segura-kurt-272x182.jpg","width":272,"height":182,"mime_type":"image\/jpeg","source_url":"https:\/\/www.motoblouz.com\/enjoytheride\/wp-content\/uploads\/2018\/06\/poche-interieure-et-etiquettes-reglementaires-sur-le-blouson-segura-kurt-272x182.jpg"},"full":{"file":"poche-interieure-et-etiquettes-reglementaires-sur-le-blouson-segura-kurt-e1530787741905.jpg","width":2000,"height":2840,"mime_type":"image\/jpeg","source_url":"https:\/\/www.motoblouz.com\/enjoytheride\/wp-content\/uploads\/2018\/06\/poche-interieure-et-etiquettes-reglementaires-sur-le-blouson-segura-kurt-e1530787741905.jpg"}},"image_meta":{"aperture":"1.9","credit":"","camera":"SM-J710F","caption":"","created_timestamp":"1530435458","copyright":"","focal_length":"3.7","iso":"50","shutter_speed":"0.02","title":"","orientation":"1","keywords":[]},"url":"poche-interieure-et-etiquettes-reglementaires-sur-le-blouson-segura-kurt.jpg"},"post":14320,"source_url":"https:\/\/www.motoblouz.com\/enjoytheride\/wp-content\/uploads\/2018\/06\/poche-interieure-et-etiquettes-reglementaires-sur-le-blouson-segura-kurt-e1530787741905.jpg","_links":{"self":[{"href":"https:\/\/www.motoblouz.com\/enjoytheride\/wp-json\/wp\/v2\/media\/14327"}],"collection":[{"href":"https:\/\/www.motoblouz.com\/enjoytheride\/wp-json\/wp\/v2\/media"}],"about":[{"href":"https:\/\/www.motoblouz.com\/enjoytheride\/wp-json\/wp\/v2\/types\/attachment"}],"author":[{"embeddable":true,"href":"https:\/\/www.motoblouz.com\/enjoytheride\/wp-json\/wp\/v2\/users\/1085"}],"replies":[{"embeddable":true,"href":"https:\/\/www.motoblouz.com\/enjoytheride\/wp-json\/wp\/v2\/comments?post=14327"}]}}

https://www.motoblouz.com/enjoytheride/wp-content/uploads/2018/06/Segura-Kurt-poche-interieure-et-étiquettes.jpg

Poche intérieure et étiquettes réglementaires sur le blouson Segura Kurt

<p class="attachment"><a href='https://www.motoblouz.com/enjoytheride/wp-content/uploads/2018/06/poche-interieure-et-etiquettes-reglementaires-sur-le-blouson-segura-kurt-e1530787741905.jpg' title="" data-rl_title="" class="rl-gallery-link" data-rl_caption="" data-rel="lightbox-gallery-0"><img loading="lazy" decoding="async" width="690" height="980" src="data:image/gif;base64,R0lGODdhAQABAPAAAP///wAAACwAAAAAAQABAEACAkQBADs=" data-lazy-src="https://www.motoblouz.com/enjoytheride/wp-content/uploads/2018/06/poche-interieure-et-etiquettes-reglementaires-sur-le-blouson-segura-kurt-690x980.jpg" class="attachment-medium size-medium" alt="Intérieur du blouson Segura Kurt" data-lazy-srcset="https://www.motoblouz.com/enjoytheride/wp-content/uploads/2018/06/poche-interieure-et-etiquettes-reglementaires-sur-le-blouson-segura-kurt-690x980.jpg 690w, https://www.motoblouz.com/enjoytheride/wp-content/uploads/2018/06/poche-interieure-et-etiquettes-reglementaires-sur-le-blouson-segura-kurt-768x1091.jpg 768w, https://www.motoblouz.com/enjoytheride/wp-content/uploads/2018/06/poche-interieure-et-etiquettes-reglementaires-sur-le-blouson-segura-kurt-721x1024.jpg 721w, https://www.motoblouz.com/enjoytheride/wp-content/uploads/2018/06/poche-interieure-et-etiquettes-reglementaires-sur-le-blouson-segura-kurt-e1530787741905.jpg 2000w" data-lazy-sizes="(max-width: 690px) 100vw, 690px" /><noscript><img loading="lazy" decoding="async" width="690" height="980" src="https://www.motoblouz.com/enjoytheride/wp-content/uploads/2018/06/poche-interieure-et-etiquettes-reglementaires-sur-le-blouson-segura-kurt-690x980.jpg" class="attachment-medium size-medium" alt="Intérieur du blouson Segura Kurt" srcset="https://www.motoblouz.com/enjoytheride/wp-content/uploads/2018/06/poche-interieure-et-etiquettes-reglementaires-sur-le-blouson-segura-kurt-690x980.jpg 690w, https://www.motoblouz.com/enjoytheride/wp-content/uploads/2018/06/poche-interieure-et-etiquettes-reglementaires-sur-le-blouson-segura-kurt-768x1091.jpg 768w, https://www.motoblouz.com/enjoytheride/wp-content/uploads/2018/06/poche-interieure-et-etiquettes-reglementaires-sur-le-blouson-segura-kurt-721x1024.jpg 721w, https://www.motoblouz.com/enjoytheride/wp-content/uploads/2018/06/poche-interieure-et-etiquettes-reglementaires-sur-le-blouson-segura-kurt-e1530787741905.jpg 2000w" sizes="(max-width: 690px) 100vw, 690px" /></noscript></a></p>
<p>Poche intérieure et étiquettes réglementaires sur le blouson Segura Kurt </p>

<p>Poche intérieure et étiquettes réglementaires sur le blouson Segura Kurt </p>

Intérieur du blouson Segura Kurt
