{"id":4063,"date":"2014-01-28T17:19:59","date_gmt":"2014-01-28T16:19:59","guid":{"rendered":"https:\/\/www.motoblouz.com\/enjoytheride\/wp-content\/uploads\/2014\/01\/hivernale_mj_motoblouz.jpg"},"modified":"2014-01-28T17:19:59","modified_gmt":"2014-01-28T16:19:59","slug":"hivernale_mj_motoblouz","status":"inherit","type":"attachment","link":"https:\/\/www.motoblouz.com\/enjoytheride\/actualites-moto\/4062-hivernale-moto-journal-2014-chez-motoblouz-2014-01-28\/attachment\/hivernale_mj_motoblouz","title":{"rendered":"Top d\u00e9part ! R\u00e9chauff\u00e9s, les participants de l&rsquo;Hivernale Moto Journal 2014 entament leur p\u00e9riple"},"author":6,"comment_status":"open","ping_status":"open","template":"","meta":{"inline_featured_image":false},"amp_enabled":true,"description":{"rendered":"<p class=\"attachment\"><a href='https:\/\/www.motoblouz.com\/enjoytheride\/wp-content\/uploads\/2014\/01\/hivernale_mj_motoblouz.jpg' title=\"\" data-rl_title=\"\" class=\"rl-gallery-link\" data-rl_caption=\"\" data-rel=\"lightbox-gallery-0\"><img loading=\"lazy\" decoding=\"async\" width=\"690\" height=\"460\" src=\"data:image\/gif;base64,R0lGODdhAQABAPAAAP\/\/\/wAAACwAAAAAAQABAEACAkQBADs=\" data-lazy-src=\"https:\/\/www.motoblouz.com\/enjoytheride\/wp-content\/uploads\/2014\/01\/hivernale_mj_motoblouz.jpg\" class=\"attachment-medium size-medium\" alt=\"Top d\u00e9part ! R\u00e9chauff\u00e9s, les participants de l&#039;Hivernale Moto Journal 2014 entament leur p\u00e9riple\" \/><noscript><img loading=\"lazy\" decoding=\"async\" width=\"690\" height=\"460\" src=\"https:\/\/www.motoblouz.com\/enjoytheride\/wp-content\/uploads\/2014\/01\/hivernale_mj_motoblouz.jpg\" class=\"attachment-medium size-medium\" alt=\"Top d\u00e9part ! R\u00e9chauff\u00e9s, les participants de l&#039;Hivernale Moto Journal 2014 entament leur p\u00e9riple\" \/><\/noscript><\/a><\/p>\n<p>Top d\u00e9part ! R\u00e9chauff\u00e9s, les participants de l&rsquo;Hivernale Moto Journal 2014 entament leur p\u00e9riple<\/p>\n"},"caption":{"rendered":"<p>Top d\u00e9part ! R\u00e9chauff\u00e9s, les participants de l&rsquo;Hivernale Moto Journal 2014 entament leur p\u00e9riple<\/p>\n"},"alt_text":"Top d\u00e9part ! R\u00e9chauff\u00e9s, les participants de l'Hivernale Moto Journal 2014 entament leur p\u00e9riple","media_type":"image","mime_type":"image\/jpeg","media_details":{"width":2000,"height":1333,"file":"2014\/01\/hivernale_mj_motoblouz.jpg","filesize":371887,"sizes":{},"image_meta":{"aperture":"4","credit":"Julien Lefebvre","camera":"Canon EOS 550D","caption":"","created_timestamp":"1390912554","copyright":"D3T Distribution","focal_length":"18","iso":"100","shutter_speed":"0.02","title":"","orientation":"1","keywords":[]}},"post":4062,"source_url":"https:\/\/www.motoblouz.com\/enjoytheride\/wp-content\/uploads\/2014\/01\/hivernale_mj_motoblouz.jpg","_links":{"self":[{"href":"https:\/\/www.motoblouz.com\/enjoytheride\/wp-json\/wp\/v2\/media\/4063"}],"collection":[{"href":"https:\/\/www.motoblouz.com\/enjoytheride\/wp-json\/wp\/v2\/media"}],"about":[{"href":"https:\/\/www.motoblouz.com\/enjoytheride\/wp-json\/wp\/v2\/types\/attachment"}],"author":[{"embeddable":true,"href":"https:\/\/www.motoblouz.com\/enjoytheride\/wp-json\/wp\/v2\/users\/6"}],"replies":[{"embeddable":true,"href":"https:\/\/www.motoblouz.com\/enjoytheride\/wp-json\/wp\/v2\/comments?post=4063"}]}}

Top départ ! Réchauffés, les participants de l&rsquo;Hivernale Moto Journal 2014 entament leur périple

<p class="attachment"><a href='https://www.motoblouz.com/enjoytheride/wp-content/uploads/2014/01/hivernale_mj_motoblouz.jpg' title="" data-rl_title="" class="rl-gallery-link" data-rl_caption="" data-rel="lightbox-gallery-0"><img loading="lazy" decoding="async" width="690" height="460" src="data:image/gif;base64,R0lGODdhAQABAPAAAP///wAAACwAAAAAAQABAEACAkQBADs=" data-lazy-src="https://www.motoblouz.com/enjoytheride/wp-content/uploads/2014/01/hivernale_mj_motoblouz.jpg" class="attachment-medium size-medium" alt="Top départ ! Réchauffés, les participants de l&#039;Hivernale Moto Journal 2014 entament leur périple" /><noscript><img loading="lazy" decoding="async" width="690" height="460" src="https://www.motoblouz.com/enjoytheride/wp-content/uploads/2014/01/hivernale_mj_motoblouz.jpg" class="attachment-medium size-medium" alt="Top départ ! Réchauffés, les participants de l&#039;Hivernale Moto Journal 2014 entament leur périple" /></noscript></a></p>
<p>Top départ ! Réchauffés, les participants de l&rsquo;Hivernale Moto Journal 2014 entament leur périple</p>

<p>Top départ ! Réchauffés, les participants de l&rsquo;Hivernale Moto Journal 2014 entament leur périple</p>

Top départ ! Réchauffés, les participants de l'Hivernale Moto Journal 2014 entament leur périple
